
-19433
In base 4, what is 103103201332 - 1130?
103103200202
In base 10, what is -3809 - -12906?
9097
In base 12, what is -27a4435 + 0?
-27a4435
In base 15, what is 0 + -884d3b?
-884d3b
In base 3, what is -101121 - -22212020112?
22211211221
In base 4, what is 10120 - -211032100?
211102220
In base 11, what is -4 - 6a619108?
-6a619111
In base 15, what is -4 + 407ba?
407b6
In base 5, what is -233441223244 - -3?
-233441223241
In base 15, what is -354533 - -14?
-35451e
In base 10, what is 128007412 + 1?
128007413
In base 4, what is -3 + -3020113133?
-3020113202
In base 13, what is 24 - 66a88?
-66a64
In base 8, what is 7376205 - -405?
7376612
In base 16, what is -9 - 8a0e73?
-8a0e7c
In base 14, what is -139 - 6bb60?
-6bc99
In base 12, what is a86a - -1b0bb?
29969
In base 10, what is 2 - 306681565?
-306681563
In base 15, what is 45b534 - 3a?
45b4e9
In base 16, what is -3 + e39f35?
e39f32
In base 6, what is -2325 - -450?
-1435
In base 3, what is -1000200201220 - 20012?
-1000200222002
In base 9, what is 6 + -160408?
-160402
In base 15, what is 6 + -1838027?
-1838021
In base 7, what is 16536433 - -6?
16536442
In base 15, what is 42 + d444b?
d448d
In base 15, what is 141b3e7 + 3?
141b3ea
In base 8, what is -70557 + 164?
-70373
In base 16, what is -d + 49bda0?
49bd93
In base 9, what is 828870135 - -2?
828870137
In base 15, what is -21 + 31c4a?
31c29
In base 2, what is 10111010010001 - 1100101111010?
1010100010111
In base 15, what is 58200 - 7?
581e8
In base 8, what is -760070 - -10?
-760060
In base 9, what is 40624145 + 1?
40624146
In base 2, what is 11101011010110101011000 - -11?
11101011010110101011011
In base 12, what is -502 + 35116?
34814
In base 7, what is -21431 - -1?
-21430
In base 4, what is 1122020 - 200302?
321112
In base 16, what is -1 - 15d81b9?
-15d81ba
In base 14, what is 22 + daa7b?
daa9d
In base 16, what is -1678fcae + 5?
-1678fca9
In base 14, what is 7 + 2711367?
2711370
In base 15, what is -5 - -d1694?
d168e
In base 11, what is -a2 - -180a58?
180966
In base 11, what is -2 - 3376538a?
-33765391
In base 5, what is 10 - -10311033121?
10311033131
In base 5, what is 110200 - 202343?
-42143
In base 7, what is 1230 + -2252140?
-2250610
In base 9, what is -135147 - 1211?
-136358
In base 4, what is -1221031 + 1333?
-1213032
In base 14, what is -3 - 420dc4?
-420dc7
In base 15, what is -3c230 - 3b?
-3c26b
In base 8, what is 4 + 7406065?
7406071
In base 7, what is -105346 - -1440?
-103606
In base 8, what is -22353532 + 214?
-22353316
In base 4, what is 3012030011 - -121?
3012030132
In base 14, what is 301 + 388c6?
38bc7
In base 14, what is -1dc + -3925?
-3b23
In base 11, what is -19a27 + 17a?
-19858
In base 11, what is 132 + 491484?
491606
In base 2, what is 11001110010 - -101101100101100?
110000110011110
In base 16, what is 66 + 118435?
11849b
In base 15, what is 23c30 - -e?
23c3e
In base 5, what is -230000003424 - -1?
-230000003423
In base 16, what is -464 - -2c93?
282f
In base 4, what is 1 - 2301101122?
-2301101121
In base 2, what is -110000111110011110111110 - 10?
-110000111110011111000000
In base 2, what is -1111 + -10010010100101010001?
-10010010100101100000
In base 4, what is -31201203111003 + 10?
-31201203110333
In base 7, what is -316512455 + -1?
-316512456
In base 16, what is -1abb129 + 4?
-1abb125
In base 8, what is -504 - -542130?
541424
In base 3, what is -200220002201020 + 10?
-200220002201010
In base 16, what is -1cd3c42 - -4?
-1cd3c3e
In base 6, what is 250503103 + 41?
250503144
In base 14, what is 119070 - -2?
119072
In base 3, what is -1101212221010002 - 12?
-1101212221010021
In base 11, what is -94794 + 126?
-94669
In base 15, what is -4185e + 8?
-41856
In base 11, what is -85 - 35796?
-35870
In base 10, what is 678482 + -477?
678005
In base 13, what is -1 + 3c2863?
3c2862
In base 6, what is -3544523 - 41?
-3545004
In base 15, what is 5 - -136c58?
136c5d
In base 6, what is 213554 + -435?
213115
In base 7, what is 100464 - 23542?
43622
In base 5, what is 10111032 - 2133?
10103344
In base 3, what is 101012102022122 + -10?
101012102022112
In base 11, what is 24a797 + -184?
24a613
In base 15, what is -4625 + -4ddd?
-9513
In base 8, what is -242 + 5105061?
5104617
In base 10, what is -2 + 7869929?
7869927
In base 10, what is 13638 + -26?
13612
In base 7, what is 6032022 - -1422?
6033444
In base 8, what is 20731323 - -5?
20731330
In base 4, what is 20 + -3103310102?
-3103310022
In base 4, what is -100011022221 - 123?
-100011023010
In base 6, what is 4014 + 244425?
252443
In base 13, what is -1a64a585 - 3?
-1a64a588
In base 9, what is -21265541 - -18?
-21265522
In base 2, what is 1010111001011 - 1010010001110?
100111101
In base 14, what is 429b3516 - -2?
429b3518
In base 8, what is -5610060 + 133?
-5607725
In base 12, what is -172 - 7a83?
-8035
In base 3, what is 12200012 + -10210122?
1212120
In base 15, what is -28e339 + -5?
-28e33e
In base 8, what is 51677 + -74326?
-22427
In base 4, what is 2123 - 32222313?
-32220130
In base 3, what is 10 - 12200121201012?
-12200121201002
In base 15, what is 151e + -6a7?
d67
In base 16, what is 721c + -328?
6ef4
In base 7, what is 14265 - -1420?
16015
In base 7, what is 106322513 - -1?
106322514
In base 3, what is 100200 + -2200022101?
-2122221201
In base 9, what is -551 - -15058?
14407
In base 5, what is 4323111 - -241?
4323402
In base 5, what is -1340 + -20203322?
-20210212
In base 7, what is -42130224 + -12?
-42130236
In base 5, what is 113124024 + -23?
113124001
In base 5, what is -112304341 + 134?
-112304202
In base 6, what is -2 + 12521432154?
12521432152
In base 9, what is 45 + -82016?
-81861
In base 3, what is 10011000110 - 1101101?
10002122002
In base 2, what is 10001 + -1111001011110000001101?
-1111001011101111111100
In base 7, what is -16346 + -163244?
-212623
In base 8, what is -1556 + -30247?
-32025
In base 9, what is 7350 - -1328?
8678
In base 14, what is -8c9d8c - -5?
-8c9d87
In base 15, what is -38c - -c8c7?
c53a
In base 2, what is -110001101111010100101100 - -10?
-110001101111010100101010
In base 9, what is 0 - -465716584?
465716584
In base 9, what is 12 + 34611878?
34612001
In base 2, what is -111 + -1011110001101100010110000?
-1011110001101100010110111
In base 7, what is -40 + 145656310?
145656240
In base 3, what is -2112100201000 + 21?
-2112100200202
In base 15, what is 56e - -5d87?
6406
In base 9, what is -5 - -6805653?
6805647
In base 9, what is -3834 + -1442?
-5376
In base 5, what is 3 - -4313041033?
4313041041
In base 10, what is -136896 + -70?
-136966
In base 5, what is -10 + -233212400?
-233212410
In base 5, what is -2130044114 + -2?
-2130044121
In base 16, what is -116555 + 2e?
-116527
In base 8, what is -62012 - 6175?
-70207
In base 12, what is 3 - -1b06480b?
1b064812
In base 8, what is 47 + -1265140?
-1265071
In base 8, what is -167665 + 652?
-167013
In base 2, what is 11010100101100111 + -10001111?
11010100011011000
In base 4, what is -233221111 - 12323?
-233300100
In base 2, what is -10 + 1011001110110011011100101?
1011001110110011011100011
In base 9, what is -1 - 1302130?
-1302131
In base 5, what is -1223203121 + 103?
-1223203013
In base 6, what is -11231052 - -1431?
-11225221
In base 13, what is 29929948 - -2?
2992994a
In base 8, what is 32004117 + 5?
32004124
In base 10, what is -3105 - -185381?
182276
In base 3, what is -1022202 - 11200010?
-12222212
In base 12, what is -3436 + 819?
-2819
In base 11, what is -397 + 50489?
500a2
In base 4, what is 1010021 - 100202?
303213
In base 2, what is 1100010011110001100110010 + 101?
1100010011110001100110111
In base 4, what is -133032001230 + 0?
-133032001230
In base 3, what is -2022100001101 + -22?
-2022100001200
In base 3, what is -10220122022020 + -1102?
-10220122100122
In base 3, what is -2211200 + -201120?
-10120020
In base 10, what is 182201 - 191?
182010
In base 8, what is -311 + 141532?
141221
In base 8, what is -21325 + -56402?
-77727
In base 10, what is 1 + 41771342?
41771343
In base 12, what is 51 - 340734?
-3406a3
In base 6, what is -20030101345 + 1?
-20030101344
In base 10, what is 266 + -103952?
-103686
In base 6, what is -53 - -3005540144?
3005540051
In base 15, what is -1027 - -2705d?
26036
In base 2, what is 1011101000011111110100 - -111001?
1011101000100000101101
In base 5, what is 234331 + -3342003?
-31